{"id":2379,"date":"2022-05-25T18:33:42","date_gmt":"2022-05-25T21:33:42","guid":{"rendered":"https:\/\/airesnuevos.org\/espanol\/?page_id=2379"},"modified":"2022-05-27T17:32:21","modified_gmt":"2022-05-27T20:32:21","slug":"comunidades","status":"publish","type":"page","link":"https:\/\/airesnuevos.cl\/espanol\/comunidades\/","title":{"rendered":"Comunidades"},"content":{"rendered":"\t\t<div data-elementor-type=\"wp-post\" data-elementor-id=\"2379\" class=\"elementor elementor-2379\">\n\t\t\t\t\t\t<section class=\"elementor-section elementor-top-section elementor-element elementor-element-ebf804d elementor-section-boxed elementor-section-height-default elementor-section-height-default\" data-id=\"ebf804d\" data-element_type=\"section\">\n\t\t\t\t\t\t<div class=\"elementor-container elementor-column-gap-default\">\n\t\t\t\t\t<div class=\"elementor-column elementor-col-100 elementor-top-column elementor-element elementor-element-417c705\" data-id=\"417c705\" data-element_type=\"column\">\n\t\t\t<div class=\"elementor-widget-wrap elementor-element-populated\">\n\t\t\t\t\t\t<div class=\"elementor-element elementor-element-7717a3b elementor-align-left elementor-widget elementor-widget-bdevs-banner\" data-id=\"7717a3b\" data-element_type=\"widget\" data-widget_type=\"bdevs-banner.default\">\n\t\t\t\t<div class=\"elementor-widget-container\">\n\t\t\t\t\t\t\t<div class=\"breadcrumb-area text-center shadow dark bg-fixed padding-xl text-light\" style=\"background-image: url(https:\/\/airesnuevos.cl\/espanol\/wp-content\/uploads\/2022\/05\/Comunidades_2.jpg);\">\r\n\t        <div class=\"container\">\r\n\t            <div class=\"breadcrumb-items\">\r\n\t                <div class=\"row\">\r\n\t                    <div class=\"col-lg-12\">\r\n\t                        <h2>Comunidades<\/h2>\r\n\t                    <\/div>\r\n\t                <\/div>\r\n\t                \t                <ul class=\"breadcrumb\">\r\n\t                    <li><a href=\"https:\/\/airesnuevos.cl\/espanol\/\">\r\n\t                    \t<i class=\"fas fa-home\"><\/i>Home<\/a><\/li>\r\n\t                    <li class=\"active\">Comunidades<\/li>\r\n\t                <\/ul>\r\n\t                \t            <\/div>\r\n\t        <\/div>\r\n\t    <\/div>\r\n\t\t\t\t\t<\/div>\n\t\t\t\t<\/div>\n\t\t\t\t\t<\/div>\n\t\t<\/div>\n\t\t\t\t\t<\/div>\n\t\t<\/section>\n\t\t\t\t<section class=\"elementor-section elementor-top-section elementor-element elementor-element-3f6e1de elementor-section-boxed elementor-section-height-default elementor-section-height-default\" data-id=\"3f6e1de\" data-element_type=\"section\">\n\t\t\t\t\t\t<div class=\"elementor-container elementor-column-gap-default\">\n\t\t\t\t\t<div class=\"elementor-column elementor-col-100 elementor-top-column elementor-element elementor-element-4755af2\" data-id=\"4755af2\" data-element_type=\"column\">\n\t\t\t<div class=\"elementor-widget-wrap elementor-element-populated\">\n\t\t\t\t\t\t<div class=\"elementor-element elementor-element-03046ba elementor-widget elementor-widget-spacer\" data-id=\"03046ba\" data-element_type=\"widget\" data-widget_type=\"spacer.default\">\n\t\t\t\t<div class=\"elementor-widget-container\">\n\t\t\t\t\t\t\t<div class=\"elementor-spacer\">\n\t\t\t<div class=\"elementor-spacer-inner\"><\/div>\n\t\t<\/div>\n\t\t\t\t\t\t<\/div>\n\t\t\t\t<\/div>\n\t\t\t\t\t<\/div>\n\t\t<\/div>\n\t\t\t\t\t<\/div>\n\t\t<\/section>\n\t\t\t\t<section class=\"elementor-section elementor-top-section elementor-element elementor-element-8a9d6a0 elementor-section-boxed elementor-section-height-default elementor-section-height-default\" data-id=\"8a9d6a0\" data-element_type=\"section\">\n\t\t\t\t\t\t<div class=\"elementor-container elementor-column-gap-default\">\n\t\t\t\t\t<div class=\"elementor-column elementor-col-100 elementor-top-column elementor-element elementor-element-61c3c65\" data-id=\"61c3c65\" data-element_type=\"column\">\n\t\t\t<div class=\"elementor-widget-wrap elementor-element-populated\">\n\t\t\t\t\t\t<div class=\"elementor-element elementor-element-630022d elementor-widget elementor-widget-accordion\" data-id=\"630022d\" data-element_type=\"widget\" data-widget_type=\"accordion.default\">\n\t\t\t\t<div class=\"elementor-widget-container\">\n\t\t\t\t\t\t\t<div class=\"elementor-accordion\">\n\t\t\t\t\t\t\t<div class=\"elementor-accordion-item\">\n\t\t\t\t\t<div id=\"elementor-tab-title-1031\" class=\"elementor-tab-title\" data-tab=\"1\" role=\"button\" aria-controls=\"elementor-tab-content-1031\" aria-expanded=\"false\">\n\t\t\t\t\t\t\t\t\t\t\t\t\t<span class=\"elementor-accordion-icon elementor-accordion-icon-left\" aria-hidden=\"true\">\n\t\t\t\t\t\t\t\t\t\t\t\t\t\t\t<span class=\"elementor-accordion-icon-closed\"><i class=\"fas fa-plus\"><\/i><\/span>\n\t\t\t\t\t\t\t\t<span class=\"elementor-accordion-icon-opened\"><i class=\"fas fa-minus\"><\/i><\/span>\n\t\t\t\t\t\t\t\t\t\t\t\t\t\t<\/span>\n\t\t\t\t\t\t\t\t\t\t\t\t<a class=\"elementor-accordion-title\" tabindex=\"0\">Argentina<\/a>\n\t\t\t\t\t<\/div>\n\t\t\t\t\t<div id=\"elementor-tab-content-1031\" class=\"elementor-tab-content elementor-clearfix\" data-tab=\"1\" role=\"region\" aria-labelledby=\"elementor-tab-title-1031\"><table><tbody><tr><td><strong>CIUDAD<\/strong><\/td><td><strong>ESTABLECIMIENTO<\/strong><\/td><\/tr><tr><td>Rafaela<\/td><td>Jard\u00edn Margarita Boschetto<\/td><\/tr><tr><td>Rafaela<\/td><td>Guardia Urbana<\/td><\/tr><tr><td>Rafaela<\/td><td>Jard\u00edn Margarita Boschetto<\/td><\/tr><tr><td>Rafaela<\/td><td>Escuela Musical Remo<\/td><\/tr><tr><td>C\u00f3rdoba<\/td><td>C\u00f3rdoba 1<\/td><\/tr><tr><td>C\u00f3rdoba<\/td><td>C\u00f3rdoba 2<\/td><\/tr><tr><td>C\u00f3rdoba<\/td><td>C\u00f3rdoba 3<\/td><\/tr><tr><td>C\u00f3rdoba<\/td><td>C\u00f3rdoba 4<\/td><\/tr><tr><td>C\u00f3rdoba<\/td><td>C\u00f3rdoba 5<\/td><\/tr><tr><td>Quilmes<\/td><td>Jard\u00edn Infantil La Florida<\/td><\/tr><tr><td>Quilmes<\/td><td>Jard\u00edn Infantil Carlos Hillner y Decoud<\/td><\/tr><tr><td>Quilmes<\/td><td>Jard\u00edn Infantil Los Derechos del Ni\u00f1o<\/td><\/tr><tr><td>Quilmes<\/td><td>Jard\u00edn Infantil Estrellita de Colores<\/td><\/tr><tr><td>Quilmes<\/td><td>Jard\u00edn Infantil Pampa<\/td><\/tr><tr><td>General Pico<\/td><td>Centro de Desarrollo Inicial Rebeca<\/td><\/tr><tr><td>General Pico<\/td><td>Centro de Desarrollo Inicial Burbujitas<\/td><\/tr><tr><td>General Pico\u00a0\u00a0\u00a0\u00a0\u00a0\u00a0\u00a0\u00a0\u00a0 <\/td><td>INAUN<\/td><\/tr><tr><td>Mendoza<\/td><td>Centro de Primera Infancia Barrio la Favorita<\/td><\/tr><tr><td>Mendoza<\/td><td>Acuario Municipal<\/td><\/tr><tr><td>Mendoza<\/td><td>Plaza Independencia<\/td><\/tr><tr><td>Mendoza<\/td><td>Jard\u00edn Maternal Girasoles<\/td><\/tr><\/tbody><\/table><\/div>\n\t\t\t\t<\/div>\n\t\t\t\t\t\t\t<div class=\"elementor-accordion-item\">\n\t\t\t\t\t<div id=\"elementor-tab-title-1032\" class=\"elementor-tab-title\" data-tab=\"2\" role=\"button\" aria-controls=\"elementor-tab-content-1032\" aria-expanded=\"false\">\n\t\t\t\t\t\t\t\t\t\t\t\t\t<span class=\"elementor-accordion-icon elementor-accordion-icon-left\" aria-hidden=\"true\">\n\t\t\t\t\t\t\t\t\t\t\t\t\t\t\t<span class=\"elementor-accordion-icon-closed\"><i class=\"fas fa-plus\"><\/i><\/span>\n\t\t\t\t\t\t\t\t<span class=\"elementor-accordion-icon-opened\"><i class=\"fas fa-minus\"><\/i><\/span>\n\t\t\t\t\t\t\t\t\t\t\t\t\t\t<\/span>\n\t\t\t\t\t\t\t\t\t\t\t\t<a class=\"elementor-accordion-title\" tabindex=\"0\">Brasil<\/a>\n\t\t\t\t\t<\/div>\n\t\t\t\t\t<div id=\"elementor-tab-content-1032\" class=\"elementor-tab-content elementor-clearfix\" data-tab=\"2\" role=\"region\" aria-labelledby=\"elementor-tab-title-1032\"><table><tbody><tr><td><strong>CIUDAD<\/strong><\/td><td><strong>ESTABLECIMIENTO<\/strong><\/td><\/tr><tr><td>R\u00edo de Janeiro<\/td><td>Barrio Cachambi<\/td><\/tr><tr><td>R\u00edo de Janeiro<\/td><td>Barrio Madureira<\/td><\/tr><tr><td>R\u00edo de Janeiro<\/td><td>Barrio Iraj\u00e1<\/td><\/tr><tr><td>R\u00edo de Janeiro<\/td><td>Barrio Campo Grande<\/td><\/tr><tr><td>R\u00edo de Janeiro<\/td><td>Barrio Bangu<\/td><\/tr><tr><td>Diadema (Sao Paulo)<\/td><td>EMEB- soci\u00f3logo Herbert de Souza<\/td><\/tr><tr><td>Diadema (Sao Paulo)<\/td><td>EMEB- Eva Maria<\/td><\/tr><tr><td>Diadema (Sao Paulo)<\/td><td>EMEB-M\u00e1rcia Mar\u00eda Rodrigues da Silva<\/td><\/tr><tr><td>Diadema (Sao Paulo)\u00a0\u00a0\u00a0\u00a0\u00a0\u00a0\u00a0\u00a0\u00a0 <\/td><td>EMEB- Carolina Mar\u00eda de Jesus<\/td><\/tr><tr><td>Diadema (Sao Paulo)<\/td><td>EMEB- L\u00e1zara Silveira Pacheco<\/td><\/tr><\/tbody><\/table><\/div>\n\t\t\t\t<\/div>\n\t\t\t\t\t\t\t<div class=\"elementor-accordion-item\">\n\t\t\t\t\t<div id=\"elementor-tab-title-1033\" class=\"elementor-tab-title\" data-tab=\"3\" role=\"button\" aria-controls=\"elementor-tab-content-1033\" aria-expanded=\"false\">\n\t\t\t\t\t\t\t\t\t\t\t\t\t<span class=\"elementor-accordion-icon elementor-accordion-icon-left\" aria-hidden=\"true\">\n\t\t\t\t\t\t\t\t\t\t\t\t\t\t\t<span class=\"elementor-accordion-icon-closed\"><i class=\"fas fa-plus\"><\/i><\/span>\n\t\t\t\t\t\t\t\t<span class=\"elementor-accordion-icon-opened\"><i class=\"fas fa-minus\"><\/i><\/span>\n\t\t\t\t\t\t\t\t\t\t\t\t\t\t<\/span>\n\t\t\t\t\t\t\t\t\t\t\t\t<a class=\"elementor-accordion-title\" tabindex=\"0\">Chile<\/a>\n\t\t\t\t\t<\/div>\n\t\t\t\t\t<div id=\"elementor-tab-content-1033\" class=\"elementor-tab-content elementor-clearfix\" data-tab=\"3\" role=\"region\" aria-labelledby=\"elementor-tab-title-1033\"><table><tbody><tr><td><strong>CIUDAD<\/strong><\/td><td><strong>ESTABLECIMIENTO<\/strong><\/td><\/tr><tr><td>Coyhaique<\/td><td>Jard\u00edn Infantil Aiken Yemel<\/td><\/tr><tr><td>Coyhaique<\/td><td>Sala cuna Mi Mundito<\/td><\/tr><tr><td>Coyhaique<\/td><td>Consultorio Dr. Alejandro Guti\u00e9rrez Coyhaique<\/td><\/tr><tr><td>Coyhaique<\/td><td>Sala Cuna \u201cMi Mundo\u201d del Hospital Regional<\/td><\/tr><tr><td>Coronel<\/td><td>Jard\u00edn Infantil Mi Peque\u00f1o Mundito<\/td><\/tr><tr><td>Coronel<\/td><td>Jard\u00edn Infantil Ayel\u00e9n<\/td><\/tr><tr><td>Coronel<\/td><td>Jard\u00edn Infantil Mi primer Paso<\/td><\/tr><tr><td>Coronel<\/td><td>Escuela Playas Negras<\/td><\/tr><tr><td>Coronel<\/td><td>Escuela Rep\u00fablica de Francia<\/td><\/tr><tr><td>Hualp\u00e9n<\/td><td>Escuela Rep\u00fablica del Per\u00fa<\/td><\/tr><tr><td>Placilla<\/td><td>Jard\u00edn Infantil Pampanitos<\/td><\/tr><tr><td>Placilla<\/td><td>Sala Cuna Gotitas de Amor<\/td><\/tr><tr><td>Independencia<\/td><td>Colegio Gabriela Mistral<\/td><\/tr><tr><td>Independencia<\/td><td>Jard\u00edn Infantil Antu Huil\u00e9n<\/td><\/tr><tr><td>Independencia<\/td><td>Parque Mirador Viejo<\/td><\/tr><tr><td>Renca<\/td><td>Escuela B\u00e1sica Gral. Alejandro Gorostiaga<\/td><\/tr><tr><td>Renca<\/td><td>Escuela Domingo Santa Mar\u00eda<\/td><\/tr><tr><td>Renca<\/td><td>Escuela b\u00e1sica Lo Vel\u00e1squez<\/td><\/tr><tr><td>Pe\u00f1alol\u00e9n<\/td><td>Ecoparque Pe\u00f1alol\u00e9n<\/td><\/tr><tr><td>Pe\u00f1alol\u00e9n<\/td><td>Jard\u00edn Infantil Pe\u00f1alol\u00e9n<\/td><\/tr><tr><td>Pe\u00f1alol\u00e9n<\/td><td>Jard\u00edn Infantil La Estrellita<\/td><\/tr><tr><td>Pe\u00f1alol\u00e9n<\/td><td>Jard\u00edn Infantil Cristo Joven<\/td><\/tr><tr><td>Pe\u00f1alol\u00e9n<\/td><td>Jard\u00edn Infantil Ichuac<\/td><\/tr><tr><td>La Pintana<\/td><td>Municipalidad<\/td><\/tr><tr><td>La Pintana<\/td><td>Colegio Juan de Dios Aldea<\/td><\/tr><tr><td>Huasco<\/td><td>Jard\u00edn Infantil Condell Sur<\/td><\/tr><tr><td>Huasco<\/td><td>Jard\u00edn Infantil Mi Peque\u00f1o Olivito<\/td><\/tr><tr><td>Huasco<\/td><td>Jard\u00edn Infantil Burbujitas<\/td><\/tr><tr><td>LlayLlay<\/td><td>Liceo Polit\u00e9cnico de LlayLlay<\/td><\/tr><tr><td>Los Andes<\/td><td>Centro de Educaci\u00f3n Integrada de Adultos<\/td><\/tr><tr><td>La Calera<\/td><td>Complejo Educacional Las Acacias<\/td><\/tr><tr><td>La Calera<\/td><td>Municipalidad de la Calera<\/td><\/tr><tr><td>Conc\u00f3n<\/td><td>Jard\u00edn Infantil Sue\u00f1os de Conc\u00f3n<\/td><\/tr><tr><td>Conc\u00f3n<\/td><td>Jard\u00edn Infantil Campanita<\/td><\/tr><tr><td>Quillota<\/td><td>Jard\u00edn Infantil Oso Panda<\/td><\/tr><tr><td>Quillota<\/td><td>Jard\u00edn Infantil Peque\u00f1os Pintores<\/td><\/tr><tr><td>Limache<\/td><td>Colegio Nacional Limache<\/td><\/tr><tr><td>Villa Alemana<\/td><td>Colegio Robles Villa Alemana<\/td><\/tr><tr><td>Placilla (5ta Regi\u00f3n)\u00a0\u00a0\u00a0\u00a0\u00a0\u00a0\u00a0\u00a0\u00a0 <\/td><td>Jard\u00edn Infantil Peque\u00f1os Pioneros<\/td><\/tr><tr><td>Quilpu\u00e9<\/td><td>Jard\u00edn Infantil Arco\u00edris<\/td><\/tr><tr><td>Valpara\u00edso<\/td><td>Corporaci\u00f3n Educacional Juan Luis Vives Valpara\u00edso<\/td><\/tr><tr><td>Vi\u00f1a del Mar<\/td><td>Jard\u00edn Infantil Peque\u00f1os Pasitos<\/td><\/tr><tr><td>Lo Barnechea<\/td><td>Jard\u00edn Infantil Campanita<\/td><\/tr><tr><td>Lo Barnechea<\/td><td>Centro Lector Lo Barnechea<\/td><\/tr><tr><td>Lo Barnechea<\/td><td>Centro Cultural El Tranque<\/td><\/tr><tr><td>Lo Barnechea<\/td><td>Colegio Bicentenario<\/td><\/tr><\/tbody><\/table><\/div>\n\t\t\t\t<\/div>\n\t\t\t\t\t\t\t<div class=\"elementor-accordion-item\">\n\t\t\t\t\t<div id=\"elementor-tab-title-1034\" class=\"elementor-tab-title\" data-tab=\"4\" role=\"button\" aria-controls=\"elementor-tab-content-1034\" aria-expanded=\"false\">\n\t\t\t\t\t\t\t\t\t\t\t\t\t<span class=\"elementor-accordion-icon elementor-accordion-icon-left\" aria-hidden=\"true\">\n\t\t\t\t\t\t\t\t\t\t\t\t\t\t\t<span class=\"elementor-accordion-icon-closed\"><i class=\"fas fa-plus\"><\/i><\/span>\n\t\t\t\t\t\t\t\t<span class=\"elementor-accordion-icon-opened\"><i class=\"fas fa-minus\"><\/i><\/span>\n\t\t\t\t\t\t\t\t\t\t\t\t\t\t<\/span>\n\t\t\t\t\t\t\t\t\t\t\t\t<a class=\"elementor-accordion-title\" tabindex=\"0\">Colombia<\/a>\n\t\t\t\t\t<\/div>\n\t\t\t\t\t<div id=\"elementor-tab-content-1034\" class=\"elementor-tab-content elementor-clearfix\" data-tab=\"4\" role=\"region\" aria-labelledby=\"elementor-tab-title-1034\"><table><tbody><tr><td><strong>CIUDAD\u00a0\u00a0\u00a0\u00a0\u00a0\u00a0\u00a0\u00a0\u00a0 <br \/><\/strong><\/td><td><strong>ESTABLECIMIENTO<\/strong><\/td><\/tr><tr><td>Bogot\u00e1<\/td><td>Colegio Paulo Freire<\/td><\/tr><tr><td>Bogot\u00e1<\/td><td>Jard\u00edn Infantil Arabia<\/td><\/tr><tr><td>Bogot\u00e1<\/td><td>Jard\u00edn Infantil Sabana Grande<\/td><\/tr><tr><td>Bogot\u00e1<\/td><td>Jard\u00edn Infantil la Manuelita<\/td><\/tr><tr><td>Bogot\u00e1<\/td><td>Jard\u00edn Infantil el Carmen<\/td><\/tr><tr><td>Bogot\u00e1<\/td><td>Jard\u00edn Infantil Ciudad de Bogot\u00e1<\/td><\/tr><tr><td>Medell\u00edn<\/td><td>Jard\u00edn Infantil\u00a0 Altavista<\/td><\/tr><tr><td>Medell\u00edn<\/td><td>jard\u00edn Infantil Casa del Museo<\/td><\/tr><tr><td>Medell\u00edn<\/td><td>Jard\u00edn Infantil Altos de San Juan<\/td><\/tr><tr><td>Medell\u00edn<\/td><td>Jard\u00edn Infantil Ilusi\u00f3n Verde<\/td><\/tr><tr><td>Medell\u00edn<\/td><td>Jard\u00edn Infantil Castilla Peregal<\/td><\/tr><tr><td>Caldas<\/td><td>Guarderia Y Preescolar Pimponio<\/td><\/tr><tr><td>Caldas<\/td><td>C.E. Cokolandia<\/td><\/tr><tr><td>Caldas<\/td><td>Colegio Montealegre<\/td><\/tr><tr><td>Girardota<\/td><td>Girargota- Barrio Santa Ana<\/td><\/tr><tr><td>Girardota<\/td><td>Jard\u00edn Infantil Tamborines<\/td><\/tr><tr><td>Girardota<\/td><td>Barrio La Nueva<\/td><\/tr><\/tbody><\/table><\/div>\n\t\t\t\t<\/div>\n\t\t\t\t\t\t\t<div class=\"elementor-accordion-item\">\n\t\t\t\t\t<div id=\"elementor-tab-title-1035\" class=\"elementor-tab-title\" data-tab=\"5\" role=\"button\" aria-controls=\"elementor-tab-content-1035\" aria-expanded=\"false\">\n\t\t\t\t\t\t\t\t\t\t\t\t\t<span class=\"elementor-accordion-icon elementor-accordion-icon-left\" aria-hidden=\"true\">\n\t\t\t\t\t\t\t\t\t\t\t\t\t\t\t<span class=\"elementor-accordion-icon-closed\"><i class=\"fas fa-plus\"><\/i><\/span>\n\t\t\t\t\t\t\t\t<span class=\"elementor-accordion-icon-opened\"><i class=\"fas fa-minus\"><\/i><\/span>\n\t\t\t\t\t\t\t\t\t\t\t\t\t\t<\/span>\n\t\t\t\t\t\t\t\t\t\t\t\t<a class=\"elementor-accordion-title\" tabindex=\"0\">Ecuador<\/a>\n\t\t\t\t\t<\/div>\n\t\t\t\t\t<div id=\"elementor-tab-content-1035\" class=\"elementor-tab-content elementor-clearfix\" data-tab=\"5\" role=\"region\" aria-labelledby=\"elementor-tab-title-1035\"><table><tbody><tr><td><strong>CIUDAD\u00a0\u00a0\u00a0\u00a0\u00a0 <br \/><\/strong><\/td><td><strong>ESTABLECIMIENTO<\/strong><\/td><\/tr><tr><td>Quito<\/td><td>Barrio Ipiales<\/td><\/tr><tr><td>Quito<\/td><td>Barrio<\/td><\/tr><tr><td>Quito<\/td><td>Centro<\/td><\/tr><tr><td>Quito<\/td><td>San Blas<\/td><\/tr><tr><td>Quito<\/td><td>San Marcos<\/td><\/tr><\/tbody><\/table><\/div>\n\t\t\t\t<\/div>\n\t\t\t\t\t\t\t<div class=\"elementor-accordion-item\">\n\t\t\t\t\t<div id=\"elementor-tab-title-1036\" class=\"elementor-tab-title\" data-tab=\"6\" role=\"button\" aria-controls=\"elementor-tab-content-1036\" aria-expanded=\"false\">\n\t\t\t\t\t\t\t\t\t\t\t\t\t<span class=\"elementor-accordion-icon elementor-accordion-icon-left\" aria-hidden=\"true\">\n\t\t\t\t\t\t\t\t\t\t\t\t\t\t\t<span class=\"elementor-accordion-icon-closed\"><i class=\"fas fa-plus\"><\/i><\/span>\n\t\t\t\t\t\t\t\t<span class=\"elementor-accordion-icon-opened\"><i class=\"fas fa-minus\"><\/i><\/span>\n\t\t\t\t\t\t\t\t\t\t\t\t\t\t<\/span>\n\t\t\t\t\t\t\t\t\t\t\t\t<a class=\"elementor-accordion-title\" tabindex=\"0\">M\u00e9xico<\/a>\n\t\t\t\t\t<\/div>\n\t\t\t\t\t<div id=\"elementor-tab-content-1036\" class=\"elementor-tab-content elementor-clearfix\" data-tab=\"6\" role=\"region\" aria-labelledby=\"elementor-tab-title-1036\"><table><tbody><tr><td><strong>CIUDAD<\/strong><\/td><td><strong>ESTABLECIMIENTO<\/strong><\/td><\/tr><tr><td>Monterrey<\/td><td>CENDI 1 Felipe \u00c1ngeles<\/td><\/tr><tr><td>Monterrey<\/td><td>CENDI 13 Jos\u00e9 Mart\u00ed<\/td><\/tr><tr><td>Monterrey<\/td><td>CENDI 14 Genaro V\u00e1squez<\/td><\/tr><tr><td>Monterrey<\/td><td>CENDI 5 Diana Laura Riojas de Colosio<\/td><\/tr><tr><td>San Nicol\u00e1s de Los Garza\u00a0\u00a0\u00a0\u00a0\u00a0\u00a0\u00a0\u00a0\u00a0 <\/td><td>CENDI 12 Jean Piaget<\/td><\/tr><\/tbody><\/table><\/div>\n\t\t\t\t<\/div>\n\t\t\t\t\t\t\t<div class=\"elementor-accordion-item\">\n\t\t\t\t\t<div id=\"elementor-tab-title-1037\" class=\"elementor-tab-title\" data-tab=\"7\" role=\"button\" aria-controls=\"elementor-tab-content-1037\" aria-expanded=\"false\">\n\t\t\t\t\t\t\t\t\t\t\t\t\t<span class=\"elementor-accordion-icon elementor-accordion-icon-left\" aria-hidden=\"true\">\n\t\t\t\t\t\t\t\t\t\t\t\t\t\t\t<span class=\"elementor-accordion-icon-closed\"><i class=\"fas fa-plus\"><\/i><\/span>\n\t\t\t\t\t\t\t\t<span class=\"elementor-accordion-icon-opened\"><i class=\"fas fa-minus\"><\/i><\/span>\n\t\t\t\t\t\t\t\t\t\t\t\t\t\t<\/span>\n\t\t\t\t\t\t\t\t\t\t\t\t<a class=\"elementor-accordion-title\" tabindex=\"0\">Per\u00fa<\/a>\n\t\t\t\t\t<\/div>\n\t\t\t\t\t<div id=\"elementor-tab-content-1037\" class=\"elementor-tab-content elementor-clearfix\" data-tab=\"7\" role=\"region\" aria-labelledby=\"elementor-tab-title-1037\"><table><tbody><tr><td><strong>CIUDAD\u00a0\u00a0\u00a0\u00a0\u00a0\u00a0\u00a0\u00a0\u00a0 <br \/><\/strong><\/td><td><strong>ESTABLECIMIENTO<\/strong><\/td><\/tr><tr><td>Lima<\/td><td>Puericultorio P\u00e9rez Aran\u00edbar<\/td><\/tr><tr><td>Lima<\/td><td>Instituto Nacional de Salud del Ni\u00f1o<\/td><\/tr><tr><td>Lima<\/td><td>Instituci\u00f3n Educativa F\u00e9 y Alegr\u00eda N4<\/td><\/tr><tr><td>Lima<\/td><td>Casa Sinchi Roca<\/td><\/tr><tr><td>Lima<\/td><td>Albergue Divino Ni\u00f1o<\/td><\/tr><\/tbody><\/table><\/div>\n\t\t\t\t<\/div>\n\t\t\t\t\t\t\t<div class=\"elementor-accordion-item\">\n\t\t\t\t\t<div id=\"elementor-tab-title-1038\" class=\"elementor-tab-title\" data-tab=\"8\" role=\"button\" aria-controls=\"elementor-tab-content-1038\" aria-expanded=\"false\">\n\t\t\t\t\t\t\t\t\t\t\t\t\t<span class=\"elementor-accordion-icon elementor-accordion-icon-left\" aria-hidden=\"true\">\n\t\t\t\t\t\t\t\t\t\t\t\t\t\t\t<span class=\"elementor-accordion-icon-closed\"><i class=\"fas fa-plus\"><\/i><\/span>\n\t\t\t\t\t\t\t\t<span class=\"elementor-accordion-icon-opened\"><i class=\"fas fa-minus\"><\/i><\/span>\n\t\t\t\t\t\t\t\t\t\t\t\t\t\t<\/span>\n\t\t\t\t\t\t\t\t\t\t\t\t<a class=\"elementor-accordion-title\" tabindex=\"0\">Uruguay<\/a>\n\t\t\t\t\t<\/div>\n\t\t\t\t\t<div id=\"elementor-tab-content-1038\" class=\"elementor-tab-content elementor-clearfix\" data-tab=\"8\" role=\"region\" aria-labelledby=\"elementor-tab-title-1038\"><table><tbody><tr><td><strong>CIUDAD<\/strong><\/td><td><strong>ESTABLECIMIENTO<\/strong><\/td><\/tr><tr><td>Montevideo\u00a0\u00a0\u00a0\u00a0\u00a0\u00a0\u00a0\u00a0\u00a0\u00a0\u00a0\u00a0 <\/td><td>Centro Educaci\u00f3n Inicial Intendencia<\/td><\/tr><tr><td>Montevideo<\/td><td>Jard\u00edn Infantil Rayuela<\/td><\/tr><tr><td>Montevideo<\/td><td>Colegio San Jos\u00e9<\/td><\/tr><tr><td>Montevideo<\/td><td>Jard\u00edn Infantil La Paloma<\/td><\/tr><tr><td>Montevideo<\/td><td>Jard\u00edn Infantil N\u00ba222<\/td><\/tr><\/tbody><\/table><\/div>\n\t\t\t\t<\/div>\n\t\t\t\t\t\t\t\t<\/div>\n\t\t\t\t\t\t<\/div>\n\t\t\t\t<\/div>\n\t\t\t\t\t<\/div>\n\t\t<\/div>\n\t\t\t\t\t<\/div>\n\t\t<\/section>\n\t\t\t\t<\/div>\n\t\t","protected":false},"excerpt":{"rendered":"<p>Comunidades Home Comunidades Argentina CIUDADESTABLECIMIENTORafaelaJard\u00edn Margarita BoschettoRafaelaGuardia UrbanaRafaelaJard\u00edn Margarita BoschettoRafaelaEscuela Musical RemoC\u00f3rdobaC\u00f3rdoba 1C\u00f3rdobaC\u00f3rdoba 2C\u00f3rdobaC\u00f3rdoba 3C\u00f3rdobaC\u00f3rdoba 4C\u00f3rdobaC\u00f3rdoba 5QuilmesJard\u00edn Infantil La FloridaQuilmesJard\u00edn Infantil Carlos Hillner y DecoudQuilmesJard\u00edn Infantil Los Derechos del Ni\u00f1oQuilmesJard\u00edn Infantil Estrellita de ColoresQuilmesJard\u00edn Infantil PampaGeneral PicoCentro de Desarrollo Inicial RebecaGeneral PicoCentro de Desarrollo Inicial BurbujitasGeneral Pico\u00a0\u00a0\u00a0\u00a0\u00a0\u00a0\u00a0\u00a0\u00a0 INAUNMendozaCentro de Primera Infancia Barrio la FavoritaMendozaAcuario MunicipalMendozaPlaza [&hellip;]<\/p>\n","protected":false},"author":1,"featured_media":0,"parent":0,"menu_order":0,"comment_status":"closed","ping_status":"closed","template":"page-templates\/other-page.php","meta":{"_acf_changed":false,"footnotes":""},"class_list":["post-2379","page","type-page","status-publish","hentry"],"acf":[],"aioseo_notices":[],"_links":{"self":[{"href":"https:\/\/airesnuevos.cl\/espanol\/wp-json\/wp\/v2\/pages\/2379","targetHints":{"allow":["GET"]}}],"collection":[{"href":"https:\/\/airesnuevos.cl\/espanol\/wp-json\/wp\/v2\/pages"}],"about":[{"href":"https:\/\/airesnuevos.cl\/espanol\/wp-json\/wp\/v2\/types\/page"}],"author":[{"embeddable":true,"href":"https:\/\/airesnuevos.cl\/espanol\/wp-json\/wp\/v2\/users\/1"}],"replies":[{"embeddable":true,"href":"https:\/\/airesnuevos.cl\/espanol\/wp-json\/wp\/v2\/comments?post=2379"}],"version-history":[{"count":13,"href":"https:\/\/airesnuevos.cl\/espanol\/wp-json\/wp\/v2\/pages\/2379\/revisions"}],"predecessor-version":[{"id":2764,"href":"https:\/\/airesnuevos.cl\/espanol\/wp-json\/wp\/v2\/pages\/2379\/revisions\/2764"}],"wp:attachment":[{"href":"https:\/\/airesnuevos.cl\/espanol\/wp-json\/wp\/v2\/media?parent=2379"}],"curies":[{"name":"wp","href":"https:\/\/api.w.org\/{rel}","templated":true}]}}